{"id":138,"date":"2024-01-17T02:38:42","date_gmt":"2024-01-17T02:38:42","guid":{"rendered":"https:\/\/www.alfakan.pl\/?page_id=138"},"modified":"2025-09-07T23:56:47","modified_gmt":"2025-09-07T21:56:47","slug":"ksiazki-i-materialy-dydaktyczne","status":"publish","type":"page","link":"https:\/\/www.alfakan.pl\/?page_id=138","title":{"rendered":"Ksi\u0105\u017cki i materia\u0142y dydaktyczne"},"content":{"rendered":"\n<ol class=\"wp-block-list\">\n<li>Zadania z polskiego dla maturzyst\u00f3w. Poziom podstawowy.<\/li>\n<\/ol>\n\n\n\n<figure class=\"wp-block-image aligncenter size-full is-resized\"><a href=\"https:\/\/www.alfakan.pl\/?page_id=172\"><img loading=\"lazy\" decoding=\"async\" width=\"720\" height=\"1000\" src=\"https:\/\/www.alfakan.pl\/wp-content\/uploads\/2024\/01\/zadania-z-polskiego-matura-poziom-podstawowy.png\" alt=\"\" class=\"wp-image-170\" style=\"width:220px;height:auto\" srcset=\"https:\/\/www.alfakan.pl\/wp-content\/uploads\/2024\/01\/zadania-z-polskiego-matura-poziom-podstawowy.png 720w, https:\/\/www.alfakan.pl\/wp-content\/uploads\/2024\/01\/zadania-z-polskiego-matura-poziom-podstawowy-216x300.png 216w\" sizes=\"auto, (max-width: 720px) 100vw, 720px\" \/><\/a><\/figure>\n\n\n\n<p>2. Repetytorium z polskiego dla maturzyst\u00f3w. Poziom podstawowy.<\/p>\n\n\n\n<figure class=\"wp-block-image aligncenter size-full is-resized\"><a href=\"https:\/\/www.alfakan.pl\/?page_id=181\"><img loading=\"lazy\" decoding=\"async\" width=\"720\" height=\"1000\" src=\"https:\/\/www.alfakan.pl\/wp-content\/uploads\/2024\/01\/repetytorium-z-polskiego-dla-maturzystow-poziom-podstawowy-.png\" alt=\"\" class=\"wp-image-179\" style=\"width:222px;height:auto\" srcset=\"https:\/\/www.alfakan.pl\/wp-content\/uploads\/2024\/01\/repetytorium-z-polskiego-dla-maturzystow-poziom-podstawowy-.png 720w, https:\/\/www.alfakan.pl\/wp-content\/uploads\/2024\/01\/repetytorium-z-polskiego-dla-maturzystow-poziom-podstawowy--216x300.png 216w\" sizes=\"auto, (max-width: 720px) 100vw, 720px\" \/><\/a><\/figure>\n\n\n\n<p>3. Jak pisa\u0107 i m\u00f3wi\u0107? Sztuka argumentowania.<\/p>\n\n\n\n<figure class=\"wp-block-image aligncenter size-full\"><a href=\"https:\/\/www.alfakan.pl\/?page_id=264\"><img loading=\"lazy\" decoding=\"async\" width=\"278\" height=\"374\" src=\"https:\/\/www.alfakan.pl\/wp-content\/uploads\/2025\/09\/matura-nowa.png\" alt=\"\" class=\"wp-image-245\" srcset=\"https:\/\/www.alfakan.pl\/wp-content\/uploads\/2025\/09\/matura-nowa.png 278w, https:\/\/www.alfakan.pl\/wp-content\/uploads\/2025\/09\/matura-nowa-223x300.png 223w\" sizes=\"auto, (max-width: 278px) 100vw, 278px\" \/><\/a><\/figure>\n","protected":false},"excerpt":{"rendered":"<p>2. Repetytorium z polskiego dla maturzyst\u00f3w. Poziom podstawowy. 3. Jak pisa\u0107 i m\u00f3wi\u0107? Sztuka argumentowania.<\/p>\n","protected":false},"author":1,"featured_media":0,"parent":0,"menu_order":0,"comment_status":"closed","ping_status":"closed","template":"","meta":{"footnotes":""},"class_list":["post-138","page","type-page","status-publish","hentry"],"_links":{"self":[{"href":"https:\/\/www.alfakan.pl\/index.php?rest_route=\/wp\/v2\/pages\/138","targetHints":{"allow":["GET"]}}],"collection":[{"href":"https:\/\/www.alfakan.pl\/index.php?rest_route=\/wp\/v2\/pages"}],"about":[{"href":"https:\/\/www.alfakan.pl\/index.php?rest_route=\/wp\/v2\/types\/page"}],"author":[{"embeddable":true,"href":"https:\/\/www.alfakan.pl\/index.php?rest_route=\/wp\/v2\/users\/1"}],"replies":[{"embeddable":true,"href":"https:\/\/www.alfakan.pl\/index.php?rest_route=%2Fwp%2Fv2%2Fcomments&post=138"}],"version-history":[{"count":8,"href":"https:\/\/www.alfakan.pl\/index.php?rest_route=\/wp\/v2\/pages\/138\/revisions"}],"predecessor-version":[{"id":266,"href":"https:\/\/www.alfakan.pl\/index.php?rest_route=\/wp\/v2\/pages\/138\/revisions\/266"}],"wp:attachment":[{"href":"https:\/\/www.alfakan.pl\/index.php?rest_route=%2Fwp%2Fv2%2Fmedia&parent=138"}],"curies":[{"name":"wp","href":"https:\/\/api.w.org\/{rel}","templated":true}]}}